2584. What is x(5)?
219
Let n(u) = -2*u**3 + 57*u**2 + 286*u - 32. Give n(-4).
-136
Let h(m) = -2*m**3 - 71*m**2 + 46*m + 63. What is h(-36)?
-297
Let r(k) = 13466*k + 27190. Give r(-2).
258
Let j(s) = -s**2 - 796850*s - 11. Determine j(0).
-11
Let m(v) = 189*v**2 + 2853*v + 122. Determine m(-15).
-148
Let t(o) = -12*o**3 - 104*o**2 - 255*o + 32. Calculate t(-4).
156
Let r(z) = -6*z**2 - 834*z + 29. Give r(-140).
-811
Let c(z) = -9*z**2 + 62*z + 73. Determine c(8).
-7
Let k(l) = -1293*l + 111220. What is k(86)?
22
Let q(r) = -1464*r + 3834. Calculate q(3).
-558
Let m(y) = -4*y**2 + 52*y + 893. Determine m(26).
-459
Let i(t) = 4*t**3 - 19*t**2 + 52*t + 18. Determine i(9).
1863
Let a(c) = -6*c**2 - 126745*c + 887147. Determine a(7).
-362
Let s(m) = -9*m**3 - 2*m**2 + m + 6. Determine s(2).
-72
Let x(w) = -34*w**2 - 81*w + 2222. What is x(7)?
-11
Let q(j) = -3*j**3 + 67*j**2 + 61*j - 49. What is q(23)?
296
Let s(i) = 24*i - 2813. Calculate s(101).
-389
Let i(f) = f**3 + 929*f**2 + 22585*f - 363. What is i(-25)?
12
Let z(u) = u**3 - 170*u**2 + 169*u - 551. What is z(169)?
-551
Let b(i) = -9*i**3 - 23*i**2 + 6*i + 1687. Calculate b(5).
17
Let k(r) = 3697*r + 16070. Determine k(-4).
1282
Let j(z) = z**3 + 31*z**2 + 5683*z + 176174. What is j(-31)?
1
Let r(l) = -l**3 - 26*l**2 - 217*l - 830. What is r(-16)?
82
Let b(l) = l**3 + 350*l**2 + 16946*l + 2912. Give b(-292).
-8
Let p(m) = -m**3 + 36*m**2 + 295*m + 2432. What is p(44)?
-76
Let j(d) = d**2 + 718*d - 51752. Calculate j(66).
-8
Let v(n) = -n**3 + 8*n**2 + 52595*n - 839469. Give v(16).
3
Let o(d) = 25*d**2 - 8162*d + 142290. Give o(308).
-6
Let k(j) = -1932*j + 16438. Calculate k(8).
982
Let w(m) = -m**2 + 292*m + 81086. What is w(-174)?
2
Let k(x) = 15671*x - 172373. Determine k(11).
8
Let d(w) = 3140*w + 2259. What is d(-1)?
-881
Let t(o) = 21740*o - 978280. Calculate t(45).
20
Let g(w) = -w**2 + 489*w + 58940. Calculate g(589).
40
Let x(k) = -3*k**2 + 5154*k + 20641. Calculate x(-4).
-23
Let o(f) = -42174*f + 126598. What is o(3)?
76
Let w(a) = -a**2 + 3006*a - 1141763. Calculate w(446).
-3
Let r(d) = 2*d**3 + 60*d**2 + 344*d + 3442. Determine r(-26).
-94
Let p(o) = 172*o**2 - 25*o + 480. What is p(6)?
6522
Let a(h) = -1509*h + 119040. What is a(79)?
-171
Let k(r) = -70*r**2 + 1726*r - 3450. Calculate k(2).
-278
Let q(m) = 313*m**3 + 5*m**2 - 9646*m + 9643. What is q(1)?
315
Let v(r) = r**3 - 4*r**2 - 54281*r - 955. Calculate v(235).
-15
Let r(a) = 364*a - 30540. Determine r(84).
36
Let o(j) = j**3 - 192*j**2 - 7378*j - 10375. Give o(225).
200
Let q(w) = 3*w**3 - 58*w**2 + 721*w - 5520. Calculate q(12).
-36
Let z(m) = 4*m**2 + 1022*m - 26225. Give z(-279).
1
Let d(g) = 15*g**2 - 560*g - 771. Determine d(40).
829
Let h(n) = -9*n**3 - 4*n**2 + 18*n - 116. Determine h(7).
-3273
Let s(n) = 47360*n - 710404. What is s(15)?
-4
Let o(u) = -u**3 + 169*u**2 + 12886*u + 172. Calculate o(-57).
-56
Let a(v) = 10*v**2 - 172*v + 193. Give a(16).
1
Let n(l) = 2*l**2 + 127*l + 392. Give n(-36).
-1588
Let n(u) = -32*u**2 - 363*u - 1405. What is n(-4)?
-465
Let n(t) = t**3 + 122*t**2 - 302*t - 6700. Determine n(-124).
-4
Let f(o) = -4*o**3 + 282*o**2 - 4271*o + 61. What is f(22)?
-5
Let p(d) = 17*d**2 + 9231*d + 609981. Determine p(-77).
-13
Let s(y) = -4*y**2 - 273*y + 1030. What is s(-72)?
-50
Let z(v) = -3611*v - 2080. What is z(-1)?
1531
Let j(s) = 1628*s + 180704. Determine j(-111).
-4
Let p(t) = -t**2 - 1246*t - 92189. Give p(-79).
4
Let k(s) = -4*s**2 + 14496*s + 101593. Give k(-7).
-75
Let g(r) = 68*r**2 + 2226*r + 3649. Calculate g(-31).
-9
Let m(n) = -362*n**2 - 1011*n + 1752. Give m(-4).
4
Let r(w) = 3351*w + 13409. What is r(-4)?
5
Let m(c) = -c**3 + 137*c**2 - 556*c + 3166. Calculate m(133).
-26
Let y(t) = 66931*t + 937027. Determine y(-14).
-7
Let l(y) = -y**3 - 182*y**2 - 49*y - 10122. What is l(-182)?
-1204
Let p(s) = -847*s + 28415. Give p(35).
-1230
Let o(d) = -d**3 - 8*d**2 - 889*d - 4380. What is o(-5)?
-10
Let d(y) = 221*y - 200. What is d(5)?
905
Let a(v) = 4*v**3 - 28*v**2 + 89*v - 367. Calculate a(6).
23
Let w(u) = 16017*u + 7111529. Give w(-444).
-19
Let b(t) = t**3 + 7*t**2 - 3772*t - 123. Calculate b(-65).
7
Let k(h) = -263*h - 85940. Determine k(-326).
-202
Let d(i) = -2*i**2 - 2961*i + 541201. Give d(-1645).
-4
Let f(x) = 132*x + 6217. What is f(-47)?
13
Let r(w) = -19*w**2 - 1955*w - 878. Determine r(-101).
2758
Let r(w) = 7*w**2 - 57*w + 615. Give r(12).
939
Let b(w) = 67*w - 811. What is b(11)?
-74
Let q(h) = h**3 - 472*h**2 - 1517*h + 269722. Give q(474).
16
Let b(l) = 21*l**2 - 341*l - 67. Calculate b(19).
1035
Let p(q) = -630*q - 104681. What is p(-166)?
-101
Let d(v) = 1238*v**2 + 1240*v + 9. What is d(-1)?
7
Let v(a) = -13*a**3 + 5*a**2 - 48*a + 78. What is v(3)?
-372
Let r(a) = 10941*a + 1301935. What is r(-119)?
-44
Let y(z) = -2*z**3 - 19*z**2 + 90*z + 66. Determine y(-12).
-294
Let b(p) = -2*p**3 - 49*p**2 + 1682*p - 486. Give b(19).
65
Let b(y) = y**2 - 274*y - 5226. Give b(-18).
30
Let g(p) = -1844*p**2 - 265537*p - 139. Calculate g(-144).
5
Let c(n) = 18*n**3 - 4681*n**2 + 251*n + 1646. What is c(260)?
-694
Let o(t) = -490*t**2 - 35759*t + 744. Calculate o(-73).
-59
Let t(z) = 15*z**3 + 5*z**2 - 58*z - 111. What is t(-2)?
-95
Let s(h) = h**2 - 952*h + 188569. What is s(281)?
18
Let z(k) = -39*k**2 - 17*k + 125. What is z(2)?
-65
Let s(q) = -q**3 - 148*q**2 - 3454*q - 406. Calculate s(-119).
-49
Let j(l) = -793*l + 1809. Give j(5).
-2156
Let g(b) = 794*b**2 - 1356149*b - 5125. What is g(1708)?
-1
Let j(b) = 273*b**2 + 22112*b - 125. Determine j(-81).
-44
Let m(t) = -408*t - 43586. Determine m(-107).
70
Let p(l) = -73*l - 9977. Calculate p(-238).
7397
Let d(o) = 76653*o - 919718. Give d(12).
118
Let r(z) = -364*z**2 + 1401*z + 219. What is r(4)?
-1
Let x(q) = q**3 + 60*q**2 + 143*q - 1030. Determine x(-57).
566
Let p(x) = -x**3 - 46*x**2 - 571*x - 988. Give p(-20).
32
Let u(d) = -800*d**3 - 3*d**2 + 49*d + 50. Calculate u(-1).
798
Let j(z) = -2247*z + 7073. What is j(3)?
332
Let a(x) = 3*x**2 + 21*x + 4. Calculate a(-6).
-14
Let z(d) = -4*d**2 - 2422*d + 97737. Calculate z(38).
-75
Let q(r) = 3*r**2 + 149*r - 699. Give q(4).
-55
Let i(l) = 10302*l - 360535. Give i(35).
35
Let s(n) = -1937*n - 32901. What is s(-17)?
28
Let t(m) = -m**3 - 22*m**2 + 1186*m + 21374. Calculate t(-18).
-1270
Let l(x) = -1918*x + 33239. Calculate l(20).
-5121
Let v(t) = 17575*t - 16837. Determine v(1).
738
Let q(u) = -4968*u + 19848. Give q(4).
-24
Let f(o) = -o**3 + 88*o**2 + 269*o + 899. Give f(91).
535
Let s(g) = 428*g + 25466. Give s(-60).
-214
Let h(g) = 7*g**3 + 31*g**2 + 134*g - 46. Give h(-5).
-816
Let s(z) = -490247*z - 20100126. What is s(-41)?
1
Let s(u) = 9902*u - 336751. Give s(34).
-83
Let v(j) = 15568*j - 15908. Determine v(1).
-340
Let k(b) = 5*b. Determine k(4).
20
Let l(i) = i**2 - 821. What is l(29)?
20
Let k(f) = 35*f**2 - 492*f - 197. What is k(14)?
-225
Let s(y) = 10*y**3 + 4932*y**2 - 3975*y - 11369. Calculate s(-494).
-7
Let d(p) = 19*p**2 + 2889*p + 29610. What is d(-141)?
0
Let x(f) = 2*f**3 + 238*f**2 - 3450*f - 2375. Calculate x(-132).
1
Let h(j) = 371*j + 68274. Give h(-184).
10
Let v(x) = 1435*x - 8438. Determine v(5).
-1263
Let x(g) = -19*g**3 + 758*g**2 + 929*g - 2787. Determine x(41).
1
Let p(f) = -89954*f - 809607. What is p(-9)?
-21
Let n(m) = -75*m**2 - 3201*m. What is n(-43)?
-1032
Let b(p) = p**3 - 154991*p**2 + 3719209*p - 24. Calculate b(24).
0
Let z(n) = -10996*n + 274892. What is z(25)?
-8
Let t(b) = -9*b**2 - 33*b + 347. What is t(8)?
-493
Let t(v) = 3154*v - 34709. What is t(11)?
-15
Let c(k) = -k**3 + 289*k**2 + 9187*k - 1013. Calculate c(-29).
2
Let q(s) = 204*s**2 + 20590*s - 1445. Determine q(-101).
-31
Let o(x) = -3*x**3 - 4031*x**2 - 36037*x - 14. Give o(-9).
-5
Let f(j) = -j**3 - 16*j**2 - 33*j + 201. Determine f(-11).
-41
Let x(h) = -40*h**3 + 2*h**2 + 10*h + 33. Calculate x(-2).
341
Let o(w) = w**3 + 19*w**2 + 15*w + 111. Determine o(-19).
-174
Let k(q) = 556*q - 93758. Determine k(169).
206
Let g(a) = -5421*a + 27185. Give g(5).
80
Let p(j) = -j**3 + 480*j**2 + 447*j + 16240. Give p(481).
-114
Let s(n) = 19*n**3 + 398*n**2 - 25*n + 189. Determine s(-21).
273
Let q(w) = -3*w**3 - 493*w**2 + 128715*w + 1522. Calculate q(-305).
-3
Let b(